{"id":5290,"date":"2015-07-28T20:23:18","date_gmt":"2015-07-28T20:23:18","guid":{"rendered":"http:\/\/themenectar.com\/demo\/salient-agency\/?page_id=5290"},"modified":"2025-10-01T15:01:21","modified_gmt":"2025-10-01T13:01:21","slug":"nos%e2%80%91realisations","status":"publish","type":"page","link":"https:\/\/archipelcommunication.fr\/archipel\/nos%e2%80%91realisations\/","title":{"rendered":"Nos r\u00e9alisations"},"content":{"rendered":"[vc_row type=\u00a0\u00bbfull_width_content\u00a0\u00bb full_screen_row_position=\u00a0\u00bbmiddle\u00a0\u00bb column_margin=\u00a0\u00bbdefault\u00a0\u00bb column_direction=\u00a0\u00bbdefault\u00a0\u00bb column_direction_tablet=\u00a0\u00bbdefault\u00a0\u00bb column_direction_phone=\u00a0\u00bbdefault\u00a0\u00bb bg_color=\u00a0\u00bbrgba(77,177,96,0.44)\u00a0\u00bb animated_gradient_bg=\u00a0\u00bbtrue\u00a0\u00bb animated_gradient_bg_color_1=\u00a0\u00bb#ace0b7&Prime; animated_gradient_bg_color_2=\u00a0\u00bb#4db160&Prime; animated_gradient_bg_speed=\u00a0\u00bb250&Prime; animated_gradient_bg_blending_mode=\u00a0\u00bborganic\u00a0\u00bb scene_position=\u00a0\u00bbcenter\u00a0\u00bb top_padding=\u00a0\u00bb1%\u00a0\u00bb bottom_padding=\u00a0\u00bb5%\u00a0\u00bb left_padding_desktop=\u00a0\u00bb2%\u00a0\u00bb constrain_group_2=\u00a0\u00bbyes\u00a0\u00bb right_padding_desktop=\u00a0\u00bb2%\u00a0\u00bb text_color=\u00a0\u00bblight\u00a0\u00bb text_align=\u00a0\u00bbleft\u00a0\u00bb row_border_radius=\u00a0\u00bbnone\u00a0\u00bb row_border_radius_applies=\u00a0\u00bbbg\u00a0\u00bb overflow=\u00a0\u00bbvisible\u00a0\u00bb enable_gradient=\u00a0\u00bbtrue\u00a0\u00bb overlay_strength=\u00a0\u00bb0.3&Prime; gradient_direction=\u00a0\u00bbleft_to_right\u00a0\u00bb shape_divider_position=\u00a0\u00bbbottom\u00a0\u00bb bg_image_animation=\u00a0\u00bbnone\u00a0\u00bb gradient_type=\u00a0\u00bbdefault\u00a0\u00bb shape_type=\u00a0\u00bb\u00a0\u00bb][vc_column top_padding_desktop=\u00a0\u00bb3%\u00a0\u00bb column_element_direction_desktop=\u00a0\u00bbdefault\u00a0\u00bb column_element_spacing=\u00a0\u00bbdefault\u00a0\u00bb desktop_text_alignment=\u00a0\u00bbdefault\u00a0\u00bb tablet_text_alignment=\u00a0\u00bbdefault\u00a0\u00bb phone_text_alignment=\u00a0\u00bbdefault\u00a0\u00bb background_color_opacity=\u00a0\u00bb1&Prime; background_hover_color_opacity=\u00a0\u00bb1&Prime; column_backdrop_filter=\u00a0\u00bbnone\u00a0\u00bb column_shadow=\u00a0\u00bbnone\u00a0\u00bb column_border_radius=\u00a0\u00bbnone\u00a0\u00bb column_link_target=\u00a0\u00bb_self\u00a0\u00bb column_position=\u00a0\u00bbdefault\u00a0\u00bb gradient_direction=\u00a0\u00bbleft_to_right\u00a0\u00bb overlay_strength=\u00a0\u00bb0.3&Prime; width=\u00a0\u00bb1\/1&Prime; tablet_width_inherit=\u00a0\u00bbdefault\u00a0\u00bb animation_type=\u00a0\u00bbdefault\u00a0\u00bb bg_image_animation=\u00a0\u00bbnone\u00a0\u00bb border_type=\u00a0\u00bbsimple\u00a0\u00bb column_border_width=\u00a0\u00bbnone\u00a0\u00bb column_border_style=\u00a0\u00bbsolid\u00a0\u00bb column_padding_type=\u00a0\u00bbadvanced\u00a0\u00bb gradient_type=\u00a0\u00bbdefault\u00a0\u00bb]\t\t\t\t\n\t\t\t\t\n\t\t\t\t\n\t\t\t\t<div class=\"portfolio-wrap \">\n\t\t\t\t\t\n\t\t\t\t\t\t\t\t\t\t\n\t\t\t\t\t<span class=\"portfolio-loading  none\">   <\/span>\n\t\t\t\t\t\n\t\t\t\t\t\t\t\t\t\t\n\t\t\t\t\t<div class=\"row portfolio-items no-masonry  \" data-rcp=\"false\" data-masonry-type=\"default\" data-ps=\"5\" data-starting-filter=\"\" data-gutter=\"10px\" data-categories-to-show=\"archipel\" data-bypass-cropping=\"\" data-lightbox-only=\"0\" data-col-num=\"cols-3\">\n\t\t\t\t\t\t\t\t\t\t\t\t\n\t\t\t\t\t\t\t\t\t\t\t\t\n\t\t\t\t\t\t<div class=\"col span_4  element archipel \"  data-project-cat=\"archipel \" data-default-color=\"true\" data-title-color=\"\" data-subtitle-color=\"\">\n\t\t\t\t\t\t\t\n\t\t\t\t\t\t\t<div class=\"inner-wrap animated\" data-animation=\"perspective\">\n\t\t\t\t\t\t\t\t\n\t\t\t\t\t\t\t\t\t\t\t\t\t\t\t\t\t\n\t\t\t\t\t\t\t\t\t<div class=\"work-item style-3-alt\" data-custom-content=\"off\" data-text-align=\"left\">\n\t\t\t\t\t\t\t\t\t\t\n\t\t\t\t\t\t\t\t\t\t<img decoding=\"async\" class=\"custom-thumbnail skip-lazy\" src=\"https:\/\/archipelcommunication.fr\/archipel\/wp-content\/uploads\/2025\/08\/2.png\" alt=\"Strat\u00e9gie &#038; Conseil\" \/>\t\t\t\t\t\t\t\t\t\t\n\t\t\t\t\t\t\t\t\t\t<div class=\"work-info-bg\"><\/div>\n\n\t\t\t\t\t\t\t\t\t\t\t\t\t\t\t\t\t\t\t\t\t\t\t\t\n\t\t\t\t\t\t\t\t\t\t\t\t\t<a href=\"https:\/\/archipelcommunication.fr\/archipel\/portfolio\/strategie_conseil\/\"><\/a>\n\t\t\t\t\t\t\t\t\t\t\t\t\t\n\t\t\t\t\t\t\t\t\t\t\t\t\t\t\t\t\t\t\t\t\t\t\t\n\t\t\t\t\t\t\t\t\t\t\t<div class=\"work-info\">\n\t\t\t\t\t\t\t\t\t\t\t<div class=\"vert-center\">\n\t\t\t\t\t\t\t\t\t\t\t\t\t\n\t\t\t\t\t\t\t\t\t\t\t\t\t<h3>Strat\u00e9gie &#038; Conseil <\/h3> \n\t\t\t\t\t\t\t\t\t\t\t\t\t<p>avec vous, partout<\/p>\t\t\t\t\t\t\t\t\t\t\t\t\t\n\t\t\t\t\t\t\t\t\t\t\t\t\t\t\t\t\t\t\t\t\t\t\t\t\n\t\t\t\t\t\t\t\t\t\t\t<\/div><!--\/vert-center-->\n\t\t\t\t\t\t\t\t\t\t\t\n\t\t\t\t\t\t\t\t\t\t<\/div>\n\t\t\t\t\t\t\t\t\t<\/div><!--work-item-->\n\t\t\t\t\t\t\t\t\t\n\t\t\t\t\t\t\t\t\t\t\t\t\t\t\t\t\n\t\t\t\t\t\t\t\t\n\t\t\t\t\t\t\t<\/div><!--\/inner-wrap-->\n\t\t\t\t\t\t<\/div><!--\/col-->\n\t\t\t\t\t\t\n\t\t\t\t\t\t\t\t\t\t\t\n\t\t\t\t\t\t\t\t\t\t\t\t\n\t\t\t\t\t\t<div class=\"col span_4  element archipel \"  data-project-cat=\"archipel \" data-project-color=\"#ffffff\" data-title-color=\"#ffffff\" data-subtitle-color=\"#ffffff\">\n\t\t\t\t\t\t\t\n\t\t\t\t\t\t\t<div class=\"inner-wrap animated\" data-animation=\"perspective\">\n\t\t\t\t\t\t\t\t\n\t\t\t\t\t\t\t\t\t\t\t\t\t\t\t\t\t\n\t\t\t\t\t\t\t\t\t<div class=\"work-item style-3-alt\" data-custom-content=\"off\" data-text-align=\"middle\">\n\t\t\t\t\t\t\t\t\t\t\n\t\t\t\t\t\t\t\t\t\t<img decoding=\"async\" class=\"custom-thumbnail skip-lazy\" src=\"https:\/\/archipelcommunication.fr\/archipel\/wp-content\/uploads\/2025\/08\/4.png\" alt=\"Design\" \/>\t\t\t\t\t\t\t\t\t\t\n\t\t\t\t\t\t\t\t\t\t<div class=\"work-info-bg\"><\/div>\n\n\t\t\t\t\t\t\t\t\t\t\t\t\t\t\t\t\t\t\t\t\t\t\t\t\n\t\t\t\t\t\t\t\t\t\t\t\t\t<a href=\"https:\/\/archipelcommunication.fr\/archipel\/portfolio\/design\/\"><\/a>\n\t\t\t\t\t\t\t\t\t\t\t\t\t\n\t\t\t\t\t\t\t\t\t\t\t\t\t\t\t\t\t\t\t\t\t\t\t\n\t\t\t\t\t\t\t\t\t\t\t<div class=\"work-info\">\n\t\t\t\t\t\t\t\t\t\t\t<div class=\"vert-center\">\n\t\t\t\t\t\t\t\t\t\t\t\t\t\n\t\t\t\t\t\t\t\t\t\t\t\t\t<h3>Design <\/h3> \n\t\t\t\t\t\t\t\t\t\t\t\t\t<p>solutions cr\u00e9atives<\/p>\t\t\t\t\t\t\t\t\t\t\t\t\t\n\t\t\t\t\t\t\t\t\t\t\t\t\t\t\t\t\t\t\t\t\t\t\t\t\n\t\t\t\t\t\t\t\t\t\t\t<\/div><!--\/vert-center-->\n\t\t\t\t\t\t\t\t\t\t\t\n\t\t\t\t\t\t\t\t\t\t<\/div>\n\t\t\t\t\t\t\t\t\t<\/div><!--work-item-->\n\t\t\t\t\t\t\t\t\t\n\t\t\t\t\t\t\t\t\t\t\t\t\t\t\t\t\n\t\t\t\t\t\t\t\t\n\t\t\t\t\t\t\t<\/div><!--\/inner-wrap-->\n\t\t\t\t\t\t<\/div><!--\/col-->\n\t\t\t\t\t\t\n\t\t\t\t\t\t\t\t\t\t\t\n\t\t\t\t\t\t\t\t\t\t\t\t\n\t\t\t\t\t\t<div class=\"col span_4  element archipel \"  data-project-cat=\"archipel \" data-default-color=\"true\" data-title-color=\"#ffffff\" data-subtitle-color=\"#ffffff\">\n\t\t\t\t\t\t\t\n\t\t\t\t\t\t\t<div class=\"inner-wrap animated\" data-animation=\"perspective\">\n\t\t\t\t\t\t\t\t\n\t\t\t\t\t\t\t\t\t\t\t\t\t\t\t\t\t\n\t\t\t\t\t\t\t\t\t<div class=\"work-item style-3-alt\" data-custom-content=\"off\" data-text-align=\"top\">\n\t\t\t\t\t\t\t\t\t\t\n\t\t\t\t\t\t\t\t\t\t<img decoding=\"async\" class=\"custom-thumbnail skip-lazy\" src=\"https:\/\/archipelcommunication.fr\/archipel\/wp-content\/uploads\/2025\/08\/6.png\" alt=\"R\u00e9seaux sociaux\" \/>\t\t\t\t\t\t\t\t\t\t\n\t\t\t\t\t\t\t\t\t\t<div class=\"work-info-bg\"><\/div>\n\n\t\t\t\t\t\t\t\t\t\t\t\t\t\t\t\t\t\t\t\t\t\t\t\t\n\t\t\t\t\t\t\t\t\t\t\t\t\t<a href=\"https:\/\/archipelcommunication.fr\/archipel\/portfolio\/reseaux_sociaux\/\"><\/a>\n\t\t\t\t\t\t\t\t\t\t\t\t\t\n\t\t\t\t\t\t\t\t\t\t\t\t\t\t\t\t\t\t\t\t\t\t\t\n\t\t\t\t\t\t\t\t\t\t\t<div class=\"work-info\">\n\t\t\t\t\t\t\t\t\t\t\t<div class=\"vert-center\">\n\t\t\t\t\t\t\t\t\t\t\t\t\t\n\t\t\t\t\t\t\t\t\t\t\t\t\t<h3>R\u00e9seaux sociaux <\/h3> \n\t\t\t\t\t\t\t\t\t\t\t\t\t<p>d\u00e9veloppez votre communaut\u00e9<\/p>\t\t\t\t\t\t\t\t\t\t\t\t\t\n\t\t\t\t\t\t\t\t\t\t\t\t\t\t\t\t\t\t\t\t\t\t\t\t\n\t\t\t\t\t\t\t\t\t\t\t<\/div><!--\/vert-center-->\n\t\t\t\t\t\t\t\t\t\t\t\n\t\t\t\t\t\t\t\t\t\t<\/div>\n\t\t\t\t\t\t\t\t\t<\/div><!--work-item-->\n\t\t\t\t\t\t\t\t\t\n\t\t\t\t\t\t\t\t\t\t\t\t\t\t\t\t\n\t\t\t\t\t\t\t\t\n\t\t\t\t\t\t\t<\/div><!--\/inner-wrap-->\n\t\t\t\t\t\t<\/div><!--\/col-->\n\t\t\t\t\t\t\n\t\t\t\t\t\t\t\t\t\t\t\n\t\t\t\t\t\t\t\t\t\t\t\t\n\t\t\t\t\t\t<div class=\"col span_4  element archipel \"  data-project-cat=\"archipel \" data-default-color=\"true\" data-title-color=\"\" data-subtitle-color=\"\">\n\t\t\t\t\t\t\t\n\t\t\t\t\t\t\t<div class=\"inner-wrap animated\" data-animation=\"perspective\">\n\t\t\t\t\t\t\t\t\n\t\t\t\t\t\t\t\t\t\t\t\t\t\t\t\t\t\n\t\t\t\t\t\t\t\t\t<div class=\"work-item style-3-alt\" data-custom-content=\"off\" data-text-align=\"middle\">\n\t\t\t\t\t\t\t\t\t\t\n\t\t\t\t\t\t\t\t\t\t<img decoding=\"async\" class=\"custom-thumbnail skip-lazy\" src=\"https:\/\/archipelcommunication.fr\/archipel\/wp-content\/uploads\/2025\/08\/sites-internet.png\" alt=\"Sites Internet\" \/>\t\t\t\t\t\t\t\t\t\t\n\t\t\t\t\t\t\t\t\t\t<div class=\"work-info-bg\"><\/div>\n\n\t\t\t\t\t\t\t\t\t\t\t\t\t\t\t\t\t\t\t\t\t\t\t\t\n\t\t\t\t\t\t\t\t\t\t\t\t\t<a href=\"https:\/\/archipelcommunication.fr\/archipel\/portfolio\/sites_internet\/\"><\/a>\n\t\t\t\t\t\t\t\t\t\t\t\t\t\n\t\t\t\t\t\t\t\t\t\t\t\t\t\t\t\t\t\t\t\t\t\t\t\n\t\t\t\t\t\t\t\t\t\t\t<div class=\"work-info\">\n\t\t\t\t\t\t\t\t\t\t\t<div class=\"vert-center\">\n\t\t\t\t\t\t\t\t\t\t\t\t\t\n\t\t\t\t\t\t\t\t\t\t\t\t\t<h3>Sites Internet <\/h3> \n\t\t\t\t\t\t\t\t\t\t\t\t\t<p>\u00e0 votre image<\/p>\t\t\t\t\t\t\t\t\t\t\t\t\t\n\t\t\t\t\t\t\t\t\t\t\t\t\t\t\t\t\t\t\t\t\t\t\t\t\n\t\t\t\t\t\t\t\t\t\t\t<\/div><!--\/vert-center-->\n\t\t\t\t\t\t\t\t\t\t\t\n\t\t\t\t\t\t\t\t\t\t<\/div>\n\t\t\t\t\t\t\t\t\t<\/div><!--work-item-->\n\t\t\t\t\t\t\t\t\t\n\t\t\t\t\t\t\t\t\t\t\t\t\t\t\t\t\n\t\t\t\t\t\t\t\t\n\t\t\t\t\t\t\t<\/div><!--\/inner-wrap-->\n\t\t\t\t\t\t<\/div><!--\/col-->\n\t\t\t\t\t\t\n\t\t\t\t\t\t\t\t\t\t\t\n\t\t\t\t\t\t\t\t\t\t\t\t\n\t\t\t\t\t\t<div class=\"col span_4  element archipel \"  data-project-cat=\"archipel \" data-default-color=\"true\" data-title-color=\"#ffffff\" data-subtitle-color=\"#ffffff\">\n\t\t\t\t\t\t\t\n\t\t\t\t\t\t\t<div class=\"inner-wrap animated\" data-animation=\"perspective\">\n\t\t\t\t\t\t\t\t\n\t\t\t\t\t\t\t\t\t\t\t\t\t\t\t\t\t\n\t\t\t\t\t\t\t\t\t<div class=\"work-item style-3-alt\" data-custom-content=\"off\" data-text-align=\"top\">\n\t\t\t\t\t\t\t\t\t\t\n\t\t\t\t\t\t\t\t\t\t<img decoding=\"async\" class=\"custom-thumbnail skip-lazy\" src=\"https:\/\/archipelcommunication.fr\/archipel\/wp-content\/uploads\/2025\/08\/1.png\" alt=\"Audio visuel\" \/>\t\t\t\t\t\t\t\t\t\t\n\t\t\t\t\t\t\t\t\t\t<div class=\"work-info-bg\"><\/div>\n\n\t\t\t\t\t\t\t\t\t\t\t\t\t\t\t\t\t\t\t\t\t\t\t\t\n\t\t\t\t\t\t\t\t\t\t\t\t\t<a href=\"https:\/\/archipelcommunication.fr\/archipel\/portfolio\/audio_visuel\/\"><\/a>\n\t\t\t\t\t\t\t\t\t\t\t\t\t\n\t\t\t\t\t\t\t\t\t\t\t\t\t\t\t\t\t\t\t\t\t\t\t\n\t\t\t\t\t\t\t\t\t\t\t<div class=\"work-info\">\n\t\t\t\t\t\t\t\t\t\t\t<div class=\"vert-center\">\n\t\t\t\t\t\t\t\t\t\t\t\t\t\n\t\t\t\t\t\t\t\t\t\t\t\t\t<h3>Audio visuel <\/h3> \n\t\t\t\t\t\t\t\t\t\t\t\t\t<p>mettez de l'ambiance<\/p>\t\t\t\t\t\t\t\t\t\t\t\t\t\n\t\t\t\t\t\t\t\t\t\t\t\t\t\t\t\t\t\t\t\t\t\t\t\t\n\t\t\t\t\t\t\t\t\t\t\t<\/div><!--\/vert-center-->\n\t\t\t\t\t\t\t\t\t\t\t\n\t\t\t\t\t\t\t\t\t\t<\/div>\n\t\t\t\t\t\t\t\t\t<\/div><!--work-item-->\n\t\t\t\t\t\t\t\t\t\n\t\t\t\t\t\t\t\t\t\t\t\t\t\t\t\t\n\t\t\t\t\t\t\t\t\n\t\t\t\t\t\t\t<\/div><!--\/inner-wrap-->\n\t\t\t\t\t\t<\/div><!--\/col-->\n\t\t\t\t\t\t\n\t\t\t\t\t\t\t\t\t\t\t\n\t\t\t\t\t\t\t\t\t\t\t\t\n\t\t\t\t\t\t<div class=\"col span_4  element archipel \"  data-project-cat=\"archipel \" data-default-color=\"true\" data-title-color=\"\" data-subtitle-color=\"#ffffff\">\n\t\t\t\t\t\t\t\n\t\t\t\t\t\t\t<div class=\"inner-wrap animated\" data-animation=\"perspective\">\n\t\t\t\t\t\t\t\t\n\t\t\t\t\t\t\t\t\t\t\t\t\t\t\t\t\t\n\t\t\t\t\t\t\t\t\t<div class=\"work-item style-3-alt\" data-custom-content=\"off\" data-text-align=\"middle\">\n\t\t\t\t\t\t\t\t\t\t\n\t\t\t\t\t\t\t\t\t\t<img decoding=\"async\" class=\"custom-thumbnail skip-lazy\" src=\"https:\/\/archipelcommunication.fr\/archipel\/wp-content\/uploads\/2025\/08\/5.png\" alt=\"Ev\u00e9nementiel\" \/>\t\t\t\t\t\t\t\t\t\t\n\t\t\t\t\t\t\t\t\t\t<div class=\"work-info-bg\"><\/div>\n\n\t\t\t\t\t\t\t\t\t\t\t\t\t\t\t\t\t\t\t\t\t\t\t\t\n\t\t\t\t\t\t\t\t\t\t\t\t\t<a href=\"https:\/\/archipelcommunication.fr\/archipel\/portfolio\/evenementiel\/\"><\/a>\n\t\t\t\t\t\t\t\t\t\t\t\t\t\n\t\t\t\t\t\t\t\t\t\t\t\t\t\t\t\t\t\t\t\t\t\t\t\n\t\t\t\t\t\t\t\t\t\t\t<div class=\"work-info\">\n\t\t\t\t\t\t\t\t\t\t\t<div class=\"vert-center\">\n\t\t\t\t\t\t\t\t\t\t\t\t\t\n\t\t\t\t\t\t\t\t\t\t\t\t\t<h3>Ev\u00e9nementiel <\/h3> \n\t\t\t\t\t\t\t\t\t\t\t\t\t<p>l'impact de la rencontre<\/p>\t\t\t\t\t\t\t\t\t\t\t\t\t\n\t\t\t\t\t\t\t\t\t\t\t\t\t\t\t\t\t\t\t\t\t\t\t\t\n\t\t\t\t\t\t\t\t\t\t\t<\/div><!--\/vert-center-->\n\t\t\t\t\t\t\t\t\t\t\t\n\t\t\t\t\t\t\t\t\t\t<\/div>\n\t\t\t\t\t\t\t\t\t<\/div><!--work-item-->\n\t\t\t\t\t\t\t\t\t\n\t\t\t\t\t\t\t\t\t\t\t\t\t\t\t\t\n\t\t\t\t\t\t\t\t\n\t\t\t\t\t\t\t<\/div><!--\/inner-wrap-->\n\t\t\t\t\t\t<\/div><!--\/col-->\n\t\t\t\t\t\t\n\t\t\t\t\t\t\t\t\t\t\n\t\t\t\t<\/div><!--\/portfolio-->\n\t\t\t<\/div><!--\/portfolio wrap-->\n\t\t\t\n\t\t\t[\/vc_column][\/vc_row]\n","protected":false},"excerpt":{"rendered":"<p>[vc_row type=\u00a0\u00bbfull_width_content\u00a0\u00bb full_screen_row_position=\u00a0\u00bbmiddle\u00a0\u00bb column_margin=\u00a0\u00bbdefault\u00a0\u00bb column_direction=\u00a0\u00bbdefault\u00a0\u00bb column_direction_tablet=\u00a0\u00bbdefault\u00a0\u00bb column_direction_phone=\u00a0\u00bbdefault\u00a0\u00bb bg_color=\u00a0\u00bbrgba(77,177,96,0.44)\u00a0\u00bb animated_gradient_bg=\u00a0\u00bbtrue\u00a0\u00bb animated_gradient_bg_color_1=\u00a0\u00bb#ace0b7&Prime; animated_gradient_bg_color_2=\u00a0\u00bb#4db160&Prime; animated_gradient_bg_speed=\u00a0\u00bb250&Prime; animated_gradient_bg_blending_mode=\u00a0\u00bborganic\u00a0\u00bb scene_position=\u00a0\u00bbcenter\u00a0\u00bb top_padding=\u00a0\u00bb1%\u00a0\u00bb bottom_padding=\u00a0\u00bb5%\u00a0\u00bb left_padding_desktop=\u00a0\u00bb2%\u00a0\u00bb constrain_group_2=\u00a0\u00bbyes\u00a0\u00bb right_padding_desktop=\u00a0\u00bb2%\u00a0\u00bb text_color=\u00a0\u00bblight\u00a0\u00bb text_align=\u00a0\u00bbleft\u00a0\u00bb row_border_radius=\u00a0\u00bbnone\u00a0\u00bb row_border_radius_applies=\u00a0\u00bbbg\u00a0\u00bb overflow=\u00a0\u00bbvisible\u00a0\u00bb enable_gradient=\u00a0\u00bbtrue\u00a0\u00bb overlay_strength=\u00a0\u00bb0.3&Prime; gradient_direction=\u00a0\u00bbleft_to_right\u00a0\u00bb shape_divider_position=\u00a0\u00bbbottom\u00a0\u00bb bg_image_animation=\u00a0\u00bbnone\u00a0\u00bb gradient_type=\u00a0\u00bbdefault\u00a0\u00bb&#8230;<\/p>\n","protected":false},"author":1,"featured_media":0,"parent":0,"menu_order":0,"comment_status":"open","ping_status":"closed","template":"","meta":{"h5ap_radio_sources":[],"footnotes":""},"class_list":["post-5290","page","type-page","status-publish"],"yoast_head":"<!-- This site is optimized with the Yoast SEO plugin v27.4 - https:\/\/yoast.com\/product\/yoast-seo-wordpress\/ -->\n<title>Nos r\u00e9alisations \u2014 Projets &amp; cas clients Archipel Communication<\/title>\n<meta name=\"description\" content=\"Parcourez nos r\u00e9alisations : communication visuelle, sites web, \u00e9v\u00e9nementiel, strat\u00e9gie digitale. D\u00e9couvrez des cas clients concrets r\u00e9alis\u00e9s avec passion .\" \/>\n<meta name=\"robots\" content=\"index, follow, max-snippet:-1, max-image-preview:large, max-video-preview:-1\" \/>\n<link rel=\"canonical\" href=\"https:\/\/archipelcommunication.fr\/archipel\/nos-realisations\" \/>\n<meta property=\"og:locale\" content=\"fr_FR\" \/>\n<meta property=\"og:type\" content=\"article\" \/>\n<meta property=\"og:title\" content=\"Nos r\u00e9alisations \u2014 Projets &amp; cas clients Archipel Communication\" \/>\n<meta property=\"og:description\" content=\"Parcourez nos r\u00e9alisations : communication visuelle, sites web, \u00e9v\u00e9nementiel, strat\u00e9gie digitale. D\u00e9couvrez des cas clients concrets r\u00e9alis\u00e9s avec passion .\" \/>\n<meta property=\"og:url\" content=\"https:\/\/archipelcommunication.fr\/archipel\/nos-realisations\" \/>\n<meta property=\"og:site_name\" content=\"Archipel Communication\" \/>\n<meta property=\"article:publisher\" content=\"https:\/\/www.facebook.com\/archipelcommunication\" \/>\n<meta property=\"article:modified_time\" content=\"2025-10-01T13:01:21+00:00\" \/>\n<meta name=\"twitter:card\" content=\"summary_large_image\" \/>\n<script type=\"application\/ld+json\" class=\"yoast-schema-graph\">{\"@context\":\"https:\\\/\\\/schema.org\",\"@graph\":[{\"@type\":\"WebPage\",\"@id\":\"https:\\\/\\\/archipelcommunication.fr\\\/archipel\\\/nos%e2%80%91realisations\\\/\",\"url\":\"https:\\\/\\\/archipelcommunication.fr\\\/archipel\\\/nos-realisations\",\"name\":\"Nos r\u00e9alisations \u2014 Projets & cas clients Archipel Communication\",\"isPartOf\":{\"@id\":\"https:\\\/\\\/archipelcommunication.fr\\\/archipel\\\/#website\"},\"datePublished\":\"2015-07-28T20:23:18+00:00\",\"dateModified\":\"2025-10-01T13:01:21+00:00\",\"description\":\"Parcourez nos r\u00e9alisations : communication visuelle, sites web, \u00e9v\u00e9nementiel, strat\u00e9gie digitale. D\u00e9couvrez des cas clients concrets r\u00e9alis\u00e9s avec passion .\",\"breadcrumb\":{\"@id\":\"https:\\\/\\\/archipelcommunication.fr\\\/archipel\\\/nos-realisations#breadcrumb\"},\"inLanguage\":\"fr-FR\",\"potentialAction\":[{\"@type\":\"ReadAction\",\"target\":[\"https:\\\/\\\/archipelcommunication.fr\\\/archipel\\\/nos-realisations\"]}]},{\"@type\":\"BreadcrumbList\",\"@id\":\"https:\\\/\\\/archipelcommunication.fr\\\/archipel\\\/nos-realisations#breadcrumb\",\"itemListElement\":[{\"@type\":\"ListItem\",\"position\":1,\"name\":\"Accueil\",\"item\":\"https:\\\/\\\/archipelcommunication.fr\\\/archipel\\\/\"},{\"@type\":\"ListItem\",\"position\":2,\"name\":\"Nos r\u00e9alisations\"}]},{\"@type\":\"WebSite\",\"@id\":\"https:\\\/\\\/archipelcommunication.fr\\\/archipel\\\/#website\",\"url\":\"https:\\\/\\\/archipelcommunication.fr\\\/archipel\\\/\",\"name\":\"Archipel Communication\",\"description\":\"Avec vous, partout\",\"publisher\":{\"@id\":\"https:\\\/\\\/archipelcommunication.fr\\\/archipel\\\/#organization\"},\"potentialAction\":[{\"@type\":\"SearchAction\",\"target\":{\"@type\":\"EntryPoint\",\"urlTemplate\":\"https:\\\/\\\/archipelcommunication.fr\\\/archipel\\\/?s={search_term_string}\"},\"query-input\":{\"@type\":\"PropertyValueSpecification\",\"valueRequired\":true,\"valueName\":\"search_term_string\"}}],\"inLanguage\":\"fr-FR\"},{\"@type\":\"Organization\",\"@id\":\"https:\\\/\\\/archipelcommunication.fr\\\/archipel\\\/#organization\",\"name\":\"Archipel Communication\",\"url\":\"https:\\\/\\\/archipelcommunication.fr\\\/archipel\\\/\",\"logo\":{\"@type\":\"ImageObject\",\"inLanguage\":\"fr-FR\",\"@id\":\"https:\\\/\\\/archipelcommunication.fr\\\/archipel\\\/#\\\/schema\\\/logo\\\/image\\\/\",\"url\":\"https:\\\/\\\/archipelcommunication.fr\\\/archipel\\\/wp-content\\\/uploads\\\/2024\\\/12\\\/logo-archipel-def-juillet-2022-1000x726-1.png\",\"contentUrl\":\"https:\\\/\\\/archipelcommunication.fr\\\/archipel\\\/wp-content\\\/uploads\\\/2024\\\/12\\\/logo-archipel-def-juillet-2022-1000x726-1.png\",\"width\":1000,\"height\":726,\"caption\":\"Archipel Communication\"},\"image\":{\"@id\":\"https:\\\/\\\/archipelcommunication.fr\\\/archipel\\\/#\\\/schema\\\/logo\\\/image\\\/\"},\"sameAs\":[\"https:\\\/\\\/www.facebook.com\\\/archipelcommunication\"]}]}<\/script>\n<!-- \/ Yoast SEO plugin. -->","yoast_head_json":{"title":"Nos r\u00e9alisations \u2014 Projets & cas clients Archipel Communication","description":"Parcourez nos r\u00e9alisations : communication visuelle, sites web, \u00e9v\u00e9nementiel, strat\u00e9gie digitale. D\u00e9couvrez des cas clients concrets r\u00e9alis\u00e9s avec passion .","robots":{"index":"index","follow":"follow","max-snippet":"max-snippet:-1","max-image-preview":"max-image-preview:large","max-video-preview":"max-video-preview:-1"},"canonical":"https:\/\/archipelcommunication.fr\/archipel\/nos-realisations","og_locale":"fr_FR","og_type":"article","og_title":"Nos r\u00e9alisations \u2014 Projets & cas clients Archipel Communication","og_description":"Parcourez nos r\u00e9alisations : communication visuelle, sites web, \u00e9v\u00e9nementiel, strat\u00e9gie digitale. D\u00e9couvrez des cas clients concrets r\u00e9alis\u00e9s avec passion .","og_url":"https:\/\/archipelcommunication.fr\/archipel\/nos-realisations","og_site_name":"Archipel Communication","article_publisher":"https:\/\/www.facebook.com\/archipelcommunication","article_modified_time":"2025-10-01T13:01:21+00:00","twitter_card":"summary_large_image","schema":{"@context":"https:\/\/schema.org","@graph":[{"@type":"WebPage","@id":"https:\/\/archipelcommunication.fr\/archipel\/nos%e2%80%91realisations\/","url":"https:\/\/archipelcommunication.fr\/archipel\/nos-realisations","name":"Nos r\u00e9alisations \u2014 Projets & cas clients Archipel Communication","isPartOf":{"@id":"https:\/\/archipelcommunication.fr\/archipel\/#website"},"datePublished":"2015-07-28T20:23:18+00:00","dateModified":"2025-10-01T13:01:21+00:00","description":"Parcourez nos r\u00e9alisations : communication visuelle, sites web, \u00e9v\u00e9nementiel, strat\u00e9gie digitale. D\u00e9couvrez des cas clients concrets r\u00e9alis\u00e9s avec passion .","breadcrumb":{"@id":"https:\/\/archipelcommunication.fr\/archipel\/nos-realisations#breadcrumb"},"inLanguage":"fr-FR","potentialAction":[{"@type":"ReadAction","target":["https:\/\/archipelcommunication.fr\/archipel\/nos-realisations"]}]},{"@type":"BreadcrumbList","@id":"https:\/\/archipelcommunication.fr\/archipel\/nos-realisations#breadcrumb","itemListElement":[{"@type":"ListItem","position":1,"name":"Accueil","item":"https:\/\/archipelcommunication.fr\/archipel\/"},{"@type":"ListItem","position":2,"name":"Nos r\u00e9alisations"}]},{"@type":"WebSite","@id":"https:\/\/archipelcommunication.fr\/archipel\/#website","url":"https:\/\/archipelcommunication.fr\/archipel\/","name":"Archipel Communication","description":"Avec vous, partout","publisher":{"@id":"https:\/\/archipelcommunication.fr\/archipel\/#organization"},"potentialAction":[{"@type":"SearchAction","target":{"@type":"EntryPoint","urlTemplate":"https:\/\/archipelcommunication.fr\/archipel\/?s={search_term_string}"},"query-input":{"@type":"PropertyValueSpecification","valueRequired":true,"valueName":"search_term_string"}}],"inLanguage":"fr-FR"},{"@type":"Organization","@id":"https:\/\/archipelcommunication.fr\/archipel\/#organization","name":"Archipel Communication","url":"https:\/\/archipelcommunication.fr\/archipel\/","logo":{"@type":"ImageObject","inLanguage":"fr-FR","@id":"https:\/\/archipelcommunication.fr\/archipel\/#\/schema\/logo\/image\/","url":"https:\/\/archipelcommunication.fr\/archipel\/wp-content\/uploads\/2024\/12\/logo-archipel-def-juillet-2022-1000x726-1.png","contentUrl":"https:\/\/archipelcommunication.fr\/archipel\/wp-content\/uploads\/2024\/12\/logo-archipel-def-juillet-2022-1000x726-1.png","width":1000,"height":726,"caption":"Archipel Communication"},"image":{"@id":"https:\/\/archipelcommunication.fr\/archipel\/#\/schema\/logo\/image\/"},"sameAs":["https:\/\/www.facebook.com\/archipelcommunication"]}]}},"_links":{"self":[{"href":"https:\/\/archipelcommunication.fr\/archipel\/wp-json\/wp\/v2\/pages\/5290","targetHints":{"allow":["GET"]}}],"collection":[{"href":"https:\/\/archipelcommunication.fr\/archipel\/wp-json\/wp\/v2\/pages"}],"about":[{"href":"https:\/\/archipelcommunication.fr\/archipel\/wp-json\/wp\/v2\/types\/page"}],"author":[{"embeddable":true,"href":"https:\/\/archipelcommunication.fr\/archipel\/wp-json\/wp\/v2\/users\/1"}],"replies":[{"embeddable":true,"href":"https:\/\/archipelcommunication.fr\/archipel\/wp-json\/wp\/v2\/comments?post=5290"}],"version-history":[{"count":17,"href":"https:\/\/archipelcommunication.fr\/archipel\/wp-json\/wp\/v2\/pages\/5290\/revisions"}],"predecessor-version":[{"id":7963,"href":"https:\/\/archipelcommunication.fr\/archipel\/wp-json\/wp\/v2\/pages\/5290\/revisions\/7963"}],"wp:attachment":[{"href":"https:\/\/archipelcommunication.fr\/archipel\/wp-json\/wp\/v2\/media?parent=5290"}],"curies":[{"name":"wp","href":"https:\/\/api.w.org\/{rel}","templated":true}]}}